e highest common factor of s and 16.
16
Let l(t) = 3*t - 38. Let g be l(21). Suppose -25*m = -20*m - g. Suppose -k + 50 = 4*k. Calculate the greatest common divisor of k and m.
5
Suppose 3*r = 0, 3*g - 24*r + 1404 = 5*g - 20*r. What is the highest common divisor of g and 2322?
54
Suppose -15*k + 16 = -16*k - 5*d, 3*d = -3*k + 36. Calculate the highest common divisor of 3743 and k.
19
Let c(z) = 2*z**3 - 161*z**2 + 77*z + 272. Let f be c(80). What is the highest common factor of f and 2264?
8
Let h(r) = r**3 + 6*r**2 - 2. Let j be h(-6). Let s be j/3*81/(-18)*-1. Let m be (-1 - s/2) + 1118/52. Calculate the highest common factor of m and 11.
11
Let t = 8502 - 8412. Calculate the highest common factor of 2115 and t.
45
Let o(z) = -z**3 - 6*z**2 - 4*z + 8. Let q be o(-6). Suppose 0 = -1428*i + 1393*i + 3920. Calculate the greatest common divisor of i and q.
16
Suppose -1111 - 491 = -2*v. Let y be ((-5)/2)/(-5) + (-340)/(-40). What is the greatest common factor of v and y?
9
Let r be 512*((-11)/(-176)*-8)/(3/(-6)). Calculate the highest common factor of 176 and r.
16
Let l = 2367 + -1791. Let n be ((-4)/6)/(2/(-192)). Calculate the greatest common factor of n and l.
64
Let d(u) = -17*u + 80. Let c be d(4). Let a be (162/c)/(((-6)/4)/(-3)). What is the greatest common divisor of a and 153?
9
Let m(c) = c**2 + 9*c - 36. Let i be m(-14). Suppose 6 = a + i. Let t be 24*(16/(-14))/(24/a). Calculate the greatest common divisor of t and 64.
32
Suppose -16 = -4*r - 3*o, -r + 3*o = -3*r + 14. Suppose -t - 70 = -4*f, 0*t = -2*f + t + 36. What is the greatest common factor of f and r?
1
Let m(t) be the first derivative of t**2 - 20*t - 18. Let g be m(11). Suppose g*z + 2*s - 28 = 0, s + 8 = 3*s. What is the highest common divisor of 80 and z?
10
Suppose 87*q + 39*q = 676494. Calculate the highest common divisor of q and 91.
91
Suppose -12280 + 33959 = 18*d - 24761. What is the highest common divisor of d and 36?
12
Let j be 3/2*(-620)/(-93). Suppose -5*t + 337 = 3*r, 4*t - 4*r - 303 = -59. What is the highest common factor of t and j?
5
Let m = 2092 - 1867. What is the highest common divisor of m and 540?
45
Let t = 4693 - 4618. Let u be (-3)/2*8/(-6). Let i(s) = 7*s**2 - 3*s + 3. Let a be i(u). Calculate the highest common divisor of a and t.
25
Suppose -i - 9 + 7 = 0. Let r be ((0 + -3 + 3)/i)/(-1). Suppose -2*t + b + b + 12 = r, -2*t + 16 = -3*b. What is the highest common divisor of 16 and t?
2
Suppose 115*o + 775 = 148*o - 17. Let r = -7 + 4. Let g = 13 - r. What is the highest common divisor of g and o?
8
Let p = -304 - -312. Let j be (p/(-3))/((-76)/57). What is the greatest common divisor of 1 and j?
1
Let c be (-1 + (-295)/(-10))*16/6. Suppose 5*r = s + s - 46, -c = -4*s + 2*r. Suppose 3*d = 45 + s. What is the greatest common divisor of d and 21?
21
Let l = 4431 + -4419. Let u(p) = -65*p**3 + 2*p**2 + p. Let r be u(-1). Calculate the greatest common factor of r and l.
6
Suppose -2989 = -5*w + 2*s + 14042, 0 = -2*w + 5*s + 6825. Calculate the highest common factor of w and 75.
15
Suppose 2008 = 2*b - 4*d, 3*b = -2*d - 1060 + 4096. Let t = b + -466. Calculate the greatest common factor of t and 34.
34
Suppose 0 = -2*z - 11*p + 8*p + 604, -7*z + p + 2068 = 0. What is the greatest common divisor of 1073 and z?
37
Suppose 0 = 2*q - 9*a + 4*a + 6, -4*q - 2*a = -36. Let h be ((-5)/25)/((-2)/30). Let r be (-2535)/(-91) + h/21. What is the greatest common divisor of q and r?
7
Suppose 2*v - 704 = 4*t + 120, 5*v - 2050 = 5*t. What is the highest common factor of 1088 and v?
136
Suppose 300*z - 456 = -3*a + 305*z, 5*z = 30. Calculate the highest common divisor of a and 1269.
27
Let w(f) = -f**2 + 17*f - 12. Suppose 24 = 2*x + 22. Let j be x + 2 - 70/(-14). Let o be w(j). Calculate the greatest common divisor of o and 30.
30
Suppose 0 = -f + 4 - 1. Let w = -490 - -627. Suppose 0 = -f*l + 343 + w. Calculate the highest common factor of l and 64.
32
Suppose r - 5 = 8. Suppose -w = n + 4*w - 9, -3*n = -3*w + 63. Let s be n/(-64)*13*52. What is the highest common divisor of r and s?
13
Suppose 6*p = 8 - 2. Suppose 20*v + 21 = 21*v. Suppose 6*h + 3 = v. Calculate the highest common divisor of p and h.
1
Let n = 7830 + -4986. What is the greatest common factor of 48 and n?
12
Let a(c) = -2*c**3 + 3*c**2 + 9*c + 24. Let k be a(-6). Suppose -3*q + 4*h + k = -q, 263 = q - 4*h. Calculate the greatest common divisor of q and 13.
13
Suppose 3*p + 4*j = 20, -11 + 31 = 5*p + 4*j. Suppose p = -14*s + 10*s + 12. Let m be 1/s*(4 + 5). Calculate the highest common factor of 3 and m.
3
Suppose -2*n = i - 70, 3*n = -4*i + 29 + 66. Let k = 732 - 325. What is the greatest common factor of k and n?
37
Let u = 20160 + 17620. What is the highest common divisor of u and 20?
20
Suppose 5*y - 17*y + 6709 = 3397. Calculate the greatest common divisor of y and 19.
1
Let y be 3/27 + (-28 - 183008/(-144)). What is the greatest common factor of y and 44?
11
Let u(q) = -2*q - 45. Let b be u(-25). Suppose -d + 1 = 0, 0 = 4*a + b*d - 364 - 741. What is the greatest common factor of a and 25?
25
Let o = 4878 - 2223. Calculate the highest common factor of 180 and o.
45
Suppose 4*m - 84 = -12. Let s = 47 - 45. Suppose s*n - 432 = -4*n. What is the highest common factor of n and m?
18
Suppose 4*x + 26 = u - 3, x = -3*u + 74. Let y be 2*((-4)/(48/(-7))*6 + -3). Calculate the greatest common factor of u and y.
1
Let k be 5/(2/(-4)*(-30)/165). Let y(r) = 12*r**2 - 53*r + 52. Let p be y(1). What is the highest common factor of p and k?
11
Suppose -2*k + 2*q + 2*q = -24, -q + 38 = 5*k. Suppose 0 = k*p - 3*p + 140. Let m be (-516)/(-21) + (-12)/p. What is the highest common factor of 5 and m?
5
Let v = -1630 + 1876. What is the highest common divisor of v and 533?
41
Let j(p) = -110*p - 2408. Let h be j(-22). Suppose -3*c = -0*c - u - 524, -5*c + 5*u = -880. Calculate the greatest common factor of c and h.
6
Let m be (-5794)/(-4) + ((-546)/(-28) - 9 - 11). Calculate the greatest common divisor of 8 and m.
8
Let a = 96902 - 96888. Suppose 384 + 306 = 5*m - 5*n, 0 = -m + 3*n + 148. What is the highest common factor of m and a?
7
Suppose 6*n - 22 = -58. Let w be n/(-72)*9 + (-227)/4. Let j = w - -70. What is the highest common factor of j and 56?
14
Let i = 2 - -6. Suppose i*t = 2*t + 666. What is the greatest common factor of 74 and t?
37
Suppose 2*c + 0*c = 2*v - 1820, 0 = -5*v - 5*c + 4600. Suppose -7*r + v = 33. Calculate the highest common factor of r and 14.
14
Let r be 304/969*18/(-24)*-17. Let p = -110 + 52. Let j be 8/20 - p/5. Calculate the highest common divisor of j and r.
4
Suppose n - 6 = -4*z, 77*z = 75*z - 2. Calculate the greatest common divisor of 1260 and n.
10
Let u be 349408/427 + (-12)/(-7). What is the highest common divisor of u and 20?
20
Suppose -2*g + 694 = t, -33*g + 32*g + 329 = -4*t. Suppose 2*o - o = 69. What is the highest common divisor of g and o?
69
Let b(s) = 17*s**2 - 477*s + 35. Let r be b(28). Let x be (-4)/14 - (-786)/7. Calculate the greatest common divisor of x and r.
7
Let q = 22716 + -22634. What is the greatest common factor of 25994 and q?
82
Let u be (215/15)/(-3*3/(-189)). Suppose 14 = 9*w - u. Suppose 4*p - 2*s = 60, -p - s = 2*p - w. Calculate the highest common divisor of 143 and p.
13
Let r(o) = 174*o + 1476. Let z be r(-8). What is the highest common factor of 1785 and z?
21
Suppose 18 = -y + 2*l, -2*y + 3*l - 19 - 19 = 0. Let f be ((-4)/(-10))/(y/(-990)). Calculate the greatest common factor of 9 and f.
9
Suppose 3*k = -5*c + 7*k + 79, -5*c - 4*k = -71. Suppose -3*u + 898 = -f, 2*u + 0*f + 2*f - 604 = 0. What is the highest common divisor of c and u?
15
Let b be (20/(-25))/(2/220). Let u = 93 + b. Suppose u*f + 6*f - 143 = 0. What is the highest common divisor of 104 and f?
13
Let s(d) = -5*d**2 - 12*d + 12. Let a be s(5). Let w = -125 - a. Calculate the greatest common divisor of w and 272.
16
Let w be (18/(-36))/((-4)/2816*2). What is the greatest common factor of w and 110?
22
Let j be (-4)/8 + 775/10. Let d(u) be the first derivative of u**3/3 - u**2/2 - u - 22. Let t be d(-3). What is the highest common factor of j and t?
11
Suppose f = -34 + 100. Let w be ((-198)/21)/(87/5684*-7). What is the highest common divisor of w and f?
22
Suppose -14*g 